
Let v(u) be the first derivative of 3*u**2/2 + 13*u + 9. Let f(l) = 2*l. Let h(q) = -2*f(q) + v(q). Give h(12).
1
Let q = 15 - 38. Let f be 117/(-7) + 4/(-14). Let j = q - f. Let c(m) = -m**3 - 5*m**2 + 7*m - 2. Calculate c(j).
-8
Suppose -13*o + 135 = -18*o. Let i be 3/(-9)*(o + -6). Let k(r) = 9*r + 6 + r**2 - i*r - 8. Determine k(4).
6
Let t(r) = -5*r - 3. Suppose -4*q = -0 + 4. Let l be t(q). Let i(x) = -x + 4. Let n be i(l). Let w(c) = -c**2 - 2*c + 2. Calculate w(n).
-6
Let j(c) = -c - 5. Let z(t) = -t**3 + t + 2. Let s be z(0). Let u be (30/(-4))/(-2 + (-25)/(-10)). Let h be s/24*4*u. Determine j(h).
0
Let q(o) be the first derivative of -15*o**4/4 + 2*o**3/3 + o**2/2 - 2*o + 392. Give q(1).
-14
Let s(c) = 1 + 18*c - 9*c - 13*c. Let g(o) = -o. Let y(r) = -5*g(r) + s(r). Let n = 8 - 12. Calculate y(n).
-3
Let x(i) = i**3 + 33*i**2 - 31*i + 104. Let w be x(-34). Let s(t) = t**3 - t**2 + 2*t. What is s(w)?
8
Let f(w) = -4*w - 7 + 2*w + 3. Let y(g) = -g**3 + 8*g**2 + 3*g - 17. Let t be y(8). Suppose -4*u + 2*n = 32, 3*u - 4*n + 27 = -t. Give f(u).
8
Let n(x) be the first derivative of -x**3/3 - 23*x**2/2 - 32*x + 12. Let u be n(-22). Let z(q) = q + 14. Give z(u).
4
Let w(t) = -4*t**2 + t - 4 + 3*t - 2*t + 2*t**2 - t**3. Calculate w(-3).
-1
Let k(z) = -z**3 + 29*z**2 - 2*z + 71. Let m be k(29). Let n(a) = -2*a + 31. What is n(m)?
5
Suppose 3*v + 15 = 4*x, 3*v - 9 = -5*x + x. Let o(m) = 5 + 0*m**3 + 0 - 6 + m**3 + m**2. What is o(v)?
-1
Suppose -3*a = -k, -3*k = 4*a - 0*a + 39. Let u = -9 - k. Let o(m) = -m**2 - 4*m + 9. Let d(q) = q**2 + 3*q - 9. Let p(j) = 5*d(j) + 4*o(j). Determine p(u).
-9
Suppose 0*h - 30 = -h. Let l(x) = -13 + x - 10 - 8 + h. Calculate l(-3).
-4
Let x(z) be the third derivative of z**4/8 + z**3/6 - 16*z**2 + 1. What is x(-2)?
-5
Let t(v) = 11 + 2 + 0*v + 2*v. Let x be t(-5). Let r(z) = -2*z**2 + 3*z - 2. What is r(x)?
-11
Let l(t) = 4*t + 3. Suppose 24*c = -65 - 7. Determine l(c).
-9
Suppose -48 = 53*i + 164. Let k(a) be the third derivative of -a**6/120 - a**5/20 + a**4/12 - a**3/3 - 2*a**2. Determine k(i).
6
Suppose 2*h + 5*y = 6, 3*h - 8*h - 47 = -3*y. Let u(m) = -2. Let f(p) = p. Let z(c) = f(c) + u(c). Let b(w) = w - 1. Let v(a) = h*b(a) + 6*z(a). Give v(4).
-9
Let u(h) = h**3 - 5*h**2 + 3*h + 3. Let t = 142 - 139. Give u(t).
-6
Let n(q) = -1 + q**2 + 6*q**3 - 6*q**2 + 3*q**2 + 2*q. Let m(h) = -5*h**3 + 1 - 3*h - 12*h**2 - 5*h - 5*h + 6*h**3. Let l be m(13). Calculate n(l).
5
Let a(u) be the second derivative of 11*u**6/720 + u**5/120 - 17*u**4/6 - 22*u. Let x(m) be the third derivative of a(m). Calculate x(-1).
-10
Let l(w) = -w**3 + 4*w**2 - 2*w + 1. Let j be (36/(-3))/(4/(-6)). Let v = -14 + j. Determine l(v).
-7
Suppose 8 = k + 3*k. Let c(f) = 9*f**2 - 18*f**k - 10*f + 8*f**2 + 12. Let x be c(-11). Let t(l) = -7*l + 1. What is t(x)?
-6
Let a = -3902 - -3903. Let q(m) = 3*m**2 + m - 1. Let d(k) = -3*k**2 - k + 1. Let c(j) = 7*d(j) + 6*q(j). Give c(a).
-3
Let p(y) = -y**3 - 9*y**2 - 9*y - 4. Suppose 7*x - 396 = -2*x. Suppose 5*u + 5*h + 65 = 0, -5*h - x = u - 11. Calculate p(u).
4
Let l be -2*7/14 + -2 + 1. Let r(y) = -2*y**3 - 5*y**2 - 5*y - 4. Calculate r(l).
2
Suppose -11*k + 39 - 6 = 0. Let t(z) = -k*z**2 + 13*z - 6*z + 2 + 5*z**3 - 6*z**3. Calculate t(-5).
17
Let p(k) be the third derivative of k**5/60 - 5*k**4/24 + k**3/2 - k**2. Let c be 10 + 8/(24/(-15)). Give p(c).
3
Let q(n) = -3*n - 21. Let p be q(-9). Let u(t) = 6*t**3 - 5*t**2 - 2*t - 3. Let k(x) = -x**3 - x + 1. Let m(y) = -5*k(y) - u(y). Calculate m(p).
4
Let c(d) be the second derivative of -d**5/20 - 23*d**4/12 - d**3/3 - 51*d**2/2 + 13*d - 25. Calculate c(-23).
-5
Suppose -2*y + z - 6 = 7, 2*z = -2*y - 4. Let b(t) = -t**2 - 5*t + 2. Calculate b(y).
2
Let i(g) = 4*g + 7*g**2 + 9 - 11*g - 8*g**2. Calculate i(-8).
1
Let c(q) = -2*q**3 + q**2 - 2*q - 1. Let y be c(2). Let h = y + 1. Let s be (-10)/15 + h/(-6). Let w(x) = -4*x - 2. What is w(s)?
-10
Let p be 7*(-2)/((0 + 4)/2). Let r(j) be the first derivative of j**3/3 + 9*j**2/2 - j - 1. Determine r(p).
-15
Let q be (-6)/(-3 - 2/(-2)). Let z(o) = o**q + 8 + 12*o + 8*o**2 + 0*o**3 + 0*o**3 - 3*o. Let t(m) = -2*m - 1. Let b be t(3). Give z(b).
-6
Let d(h) be the first derivative of h**3/3 + 5*h**2/2 - 4*h + 2. Let k = -1599 - -1591. Give d(k).
20
Let j(n) = 2*n**2 + 3*n + 1. Let v be (-2)/(-1) + (14 - 1). Suppose -b + v = 12. Suppose 18 = -2*a - 4*u, 4*a + 9 = -b*u + 4*u. Calculate j(a).
10
Let n(j) = 0*j**2 + 3*j**2 + 41*j + 5*j - 45*j + 2. What is n(-4)?
46
Let x(r) = 6*r**3 + 4*r**2 + 2*r - 1. Let p be x(-1). Let d(o) = -o**3 - 4*o**2 - 2*o - 6. Determine d(p).
29
Let n(g) = -16*g - 106. Let c be n(-7). Let k(j) = j**2 - 8*j + 8. What is k(c)?
-4
Let y = -30 - -45. Let p be 2/((-20)/y + 1). Let i(o) = -o**2 - 5*o + 6. Give i(p).
0
Let i(x) = x**3 + 4*x**2 - 6*x + 4. Let z(t) = 3*t**3 + 2*t**2 + 5*t - 5. Let n be z(3). Let v = 104 - n. What is i(v)?
9
Let v be (-9)/(-1) - 3/1. Suppose -4*h + 26 = v. Let g(u) = -u - 4. Calculate g(h).
-9
Let o(n) = -n**2 - 2*n + 2. Let y(k) = -7*k**2 + 12*k - 10. Let z(d) = 6*o(d) - y(d). Calculate z(23).
-1
Let g(q) = q**3 + 3*q**2 - 4*q - 1. Let f be g(-4). Suppose 4*d = 2*k + 10, 4*k - 4*d + 13 = 5*k. Let s(a) = -10*a + 4*a + k + 0*a + a. Determine s(f).
6
Let s(u) = u**3 + 9*u**2 - 19*u + 2. Let h be s(2). Let w = -4 - -9. Let k(o) = -o - 2*o**2 + o**2 + 6*o + w*o - 10. Determine k(h).
6
Let i be (-8)/(-28) + (-24)/(-14). Let t be i - (-1)/((-3)/12). Let a(r) = -5*r - 3. Calculate a(t).
7
Let v(f) = -3*f**2 + 17*f - 5. Let o be v(5). Let p(c) be the third derivative of 0*c + 3*c**2 + 0 + 1/24*c**4 - 1/2*c**3. What is p(o)?
2
Let t(w) = 6*w**2 - 3*w**2 + 706 - 706. Let h(b) = b**2 - 5*b + 5. Let l be h(4). Determine t(l).
3
Let a(t) be the third derivative of -2*t**4 + 74*t**2. Determine a(-1).
48
Let h = 0 + 1. Let f(i) = 1. Let x(z) = -3*z**3 + 2*z**2 - z - 2. Let w(c) = h*x(c) + 2*f(c). Let s(o) = o**2 - 4*o - 4. Let u be s(5). Determine w(u).
-2
Let x(d) be the second derivative of -d**4/24 - 10*d**3/3 + d**2/2 + 4*d. Let i(q) be the first derivative of x(q). Determine i(-11).
-9
Let r(y) = y**2 - 2*y - 2. Let w = -1874 - -1873. Calculate r(w).
1
Let w = -6 + 6. Suppose 4*l + 4 = w, 10*f - 2*l = 5*f - 8. Let b be -6 + (-4)/f + -1. Let p(a) = -a**2 - 7*a - 5. Calculate p(b).
5
Let v(b) = -b**2 + 14*b - 30. Suppose -2*i - 49 = -3*x, -63*x - 54 = -66*x + 3*i. Determine v(x).
-17
Let y be (-1)/(-3) + 1397/(-33). Let q be y/9*(-12)/(-8). Let d(f) = -2*f - 7. Give d(q).
7
Let m = 26 - 35. Let x = -7 - m. Let p(h) = -3*h**2 + h + 1. Give p(x).
-9
Let m(v) = 12 - v**2 + 12 - 11*v + 0*v**2 - 38 + 17. What is m(-12)?
-9
Let y(l) be the first derivative of l**2/2 + 1. Let a = 35 - 36. Let i be (-13 + 12)/(a/(-2)). Calculate y(i).
-2
Let n(b) = b. Let w(d) = -3*d**3 + d**2 + 5*d - 5. Let p be w(2). What is n(p)?
-15
Let r(m) be the first derivative of -m**3/6 - 3*m**2 - 9*m + 7. Let b(n) be the first derivative of r(n). Determine b(-8).
2
Let k(r) = -3*r + 4. Let d = -30 + 32. Let b = -7 - d. Let o = b - -14. Calculate k(o).
-11
Let c(b) = 17 + 57*b - 58*b - 2. Let a(r) = -r**3 - 2*r**2 + 2*r - 3. Let i be a(-3). Determine c(i).
15
Suppose 0 = -r - r + 10. Let k(n) = -n. Let x(v) = -3*v + 1. Let i(j) = 2*k(j) - x(j). Calculate i(r).
4
Let y(i) be the third derivative of -i**6/120 + i**5/15 + 7*i**4/24 - i**3/6 + 2*i**2 - 161*i. What is y(6)?
-31
Suppose 13*g = 12*g + 2. Suppose -4*p + 11 = s - 0, -5*p = g*s - 13. Let d(l) = -l**2. What is d(s)?
-1
Suppose -28 = -2*i + 4*f - 2, 3*f - 15 = 0. Let u = i + -27. Let x(g) be the second derivative of -g**4/12 - g**3/3 + 5*g**2/2 - g. What is x(u)?
-3
Suppose -24*r = -13*r + 66. Let k(m) = m**2 - 2*m - 3. Determine k(r).
45
Suppose -2*j + 24 + 0 = 4*y, -3*y + 11 = -2*j. Let n(w) = 3 - j*w - 7 + w. Give n(-5).
1
Let j(l) be the third derivative of -l**5/120 + l**4/6 - 2*l**3 - 7*l**2. Let f(x) be the first derivative of j(x). Calculate f(5).
-1
Let q(k) = -2 + 0 + 0*k + 2*k. Let n be (-30)/(-20) + (-78)/4. Let p = n + 16. Calculate q(p).
-6
Let s(z) = z**3 - 4*z**2. Let c(u) = 2*u**3 - 4*u**2. Let h(a) = -2*c(a) + 3*s(a). Let r = -2 + 2. Suppose r*y = 5*y + 10. Give h(y).
-8
Let s(v) = -v**3 + 10. Let i(u) = -7*u - 133. Let